{"id":104,"date":"2024-09-18T17:58:30","date_gmt":"2024-09-18T17:58:30","guid":{"rendered":"http:\/\/melitanogarden.com\/?page_id=104"},"modified":"2025-04-27T08:16:26","modified_gmt":"2025-04-27T08:16:26","slug":"104-2","status":"publish","type":"page","link":"http:\/\/melitanogarden.com\/?page_id=104","title":{"rendered":"Menu"},"content":{"rendered":"\n<div class=\"wp-block-group alignfull has-accent-4-background-color has-background is-vertical is-content-justification-center is-nowrap is-layout-flex wp-container-core-group-is-layout-3 wp-block-group-is-layout-flex\" style=\"min-height:100vh;margin-top:0;margin-bottom:0;padding-top:var(--wp--preset--spacing--50);padding-right:var(--wp--preset--spacing--50);padding-bottom:var(--wp--preset--spacing--50);padding-left:var(--wp--preset--spacing--50)\">\n<div class=\"wp-block-columns alignwide are-vertically-aligned-center is-layout-flex wp-container-core-columns-is-layout-1 wp-block-columns-is-layout-flex\">\n<div class=\"wp-block-column is-vertically-aligned-center is-layout-flow wp-block-column-is-layout-flow\" style=\"flex-basis:40%\">\n<div class=\"wp-block-group is-layout-flow wp-container-core-group-is-layout-2 wp-block-group-is-layout-flow\" style=\"min-height:100%;margin-top:0;margin-bottom:0;padding-right:0;padding-left:0\">\n<h1 class=\"wp-block-heading has-text-align-right\" style=\"margin-right:0;margin-left:calc( var(--wp--preset--spacing--20) * -1);font-size:clamp(5.174rem, 5.174rem + ((1vw - 0.2rem) * 11.377), 12rem);line-height:1;writing-mode:vertical-rl\">MEN\u00dc<\/h1>\n\n\n\n<div class=\"wp-block-group has-global-padding is-content-justification-left is-layout-constrained wp-container-core-group-is-layout-1 wp-block-group-is-layout-constrained\" style=\"padding-right:0;padding-left:0\">\n<p class=\"wp-container-content-1\">&#8220;Her yudumda mutlulu\u011fu bulabilece\u011finiz, s\u0131cak ve samimi bir ortam sunan cafemizde, taze ve kaliteli malzemelerle haz\u0131rlad\u0131\u011f\u0131m\u0131z lezzetlerle keyifli anlar ya\u015fay\u0131n. \u0130ster dostlar\u0131n\u0131zla g\u00fczel sohbetlere dal\u0131n, ister huzurlu bir mola verin; biz her zaman yan\u0131n\u0131zday\u0131z. Men\u00fcdeki her lezzet, sizin i\u00e7in \u00f6zenle se\u00e7ildi.&#8221;<\/p>\n\n\n\n<div class=\"wp-block-buttons is-layout-flex wp-block-buttons-is-layout-flex\">\n<div class=\"wp-block-button has-custom-width wp-block-button__width-100\"><a class=\"wp-block-button__link has-background wp-element-button\" href=\"tel:+905424757848\" style=\"background:linear-gradient(135deg,rgb(135,176,112) 0%,rgb(16,83,153) 100%)\">Yerinizi ay\u0131rt\u0131n<\/a><\/div>\n<\/div>\n<\/div>\n<\/div>\n<\/div>\n\n\n\n<div class=\"wp-block-column is-vertically-aligned-top is-layout-flow wp-block-column-is-layout-flow\" style=\"flex-basis:60%\">\n<figure class=\"wp-block-image size-large is-style-rounded is-style-rounded--e6cae136977fff1c2222b121c112c4dd\"><img loading=\"lazy\" decoding=\"async\" width=\"576\" height=\"1024\" src=\"https:\/\/melitanogarden.com\/wp-content\/uploads\/2025\/04\/Menu_1_P-1-576x1024.jpg\" alt=\"\" class=\"wp-image-113\" style=\"aspect-ratio:3\/4;object-fit:cover\" srcset=\"http:\/\/melitanogarden.com\/wp-content\/uploads\/2025\/04\/Menu_1_P-1-576x1024.jpg 576w, http:\/\/melitanogarden.com\/wp-content\/uploads\/2025\/04\/Menu_1_P-1-169x300.jpg 169w, http:\/\/melitanogarden.com\/wp-content\/uploads\/2025\/04\/Menu_1_P-1.jpg 640w\" sizes=\"(max-width: 576px) 100vw, 576px\" \/><\/figure>\n<\/div>\n<\/div>\n<\/div>\n\n\n\n<figure class=\"wp-block-image size-large is-resized\"><img loading=\"lazy\" decoding=\"async\" width=\"576\" height=\"1024\" src=\"https:\/\/melitanogarden.com\/wp-content\/uploads\/2025\/04\/Menu_2_P-1-576x1024.jpg\" alt=\"\" class=\"wp-image-116\" style=\"width:620px;height:auto\" srcset=\"http:\/\/melitanogarden.com\/wp-content\/uploads\/2025\/04\/Menu_2_P-1-576x1024.jpg 576w, http:\/\/melitanogarden.com\/wp-content\/uploads\/2025\/04\/Menu_2_P-1-169x300.jpg 169w, http:\/\/melitanogarden.com\/wp-content\/uploads\/2025\/04\/Menu_2_P-1.jpg 640w\" sizes=\"(max-width: 576px) 100vw, 576px\" \/><\/figure>\n\n\n\n<div class=\"wp-block-buttons is-layout-flex wp-block-buttons-is-layout-flex\">\n<div class=\"wp-block-button has-custom-width wp-block-button__width-100\"><a class=\"wp-block-button__link has-background wp-element-button\" href=\"tel:+905424757848\" style=\"background:linear-gradient(135deg,rgb(6,147,227) 0%,rgb(19,99,60) 100%)\">Bizi Aray\u0131n<\/a><\/div>\n<\/div>\n\n\n\n<figure class=\"wp-block-image size-large is-resized\"><img loading=\"lazy\" decoding=\"async\" width=\"576\" height=\"1024\" src=\"https:\/\/melitanogarden.com\/wp-content\/uploads\/2025\/04\/Menu_3_P-576x1024.jpg\" alt=\"\" class=\"wp-image-117\" style=\"width:619px;height:auto\" srcset=\"http:\/\/melitanogarden.com\/wp-content\/uploads\/2025\/04\/Menu_3_P-576x1024.jpg 576w, http:\/\/melitanogarden.com\/wp-content\/uploads\/2025\/04\/Menu_3_P-169x300.jpg 169w, http:\/\/melitanogarden.com\/wp-content\/uploads\/2025\/04\/Menu_3_P.jpg 640w\" sizes=\"(max-width: 576px) 100vw, 576px\" \/><\/figure>\n\n\n\n<p><\/p>\n","protected":false},"excerpt":{"rendered":"<p>MEN\u00dc &#8220;Her yudumda mutlulu\u011fu bulabilece\u011finiz, s\u0131cak ve samimi bir ortam sunan cafemizde, taze ve kaliteli malzemelerle haz\u0131rlad\u0131\u011f\u0131m\u0131z lezzetlerle keyifli anlar ya\u015fay\u0131n. \u0130ster dostlar\u0131n\u0131zla g\u00fczel sohbetlere dal\u0131n, ister huzurlu bir mola verin; biz her zaman yan\u0131n\u0131zday\u0131z. Men\u00fcdeki her lezzet, sizin i\u00e7in \u00f6zenle se\u00e7ildi.&#8221;<\/p>\n","protected":false},"author":1,"featured_media":0,"parent":0,"menu_order":0,"comment_status":"closed","ping_status":"closed","template":"","meta":{"footnotes":""},"class_list":["post-104","page","type-page","status-publish","hentry"],"_links":{"self":[{"href":"http:\/\/melitanogarden.com\/index.php?rest_route=\/wp\/v2\/pages\/104"}],"collection":[{"href":"http:\/\/melitanogarden.com\/index.php?rest_route=\/wp\/v2\/pages"}],"about":[{"href":"http:\/\/melitanogarden.com\/index.php?rest_route=\/wp\/v2\/types\/page"}],"author":[{"embeddable":true,"href":"http:\/\/melitanogarden.com\/index.php?rest_route=\/wp\/v2\/users\/1"}],"replies":[{"embeddable":true,"href":"http:\/\/melitanogarden.com\/index.php?rest_route=%2Fwp%2Fv2%2Fcomments&post=104"}],"version-history":[{"count":5,"href":"http:\/\/melitanogarden.com\/index.php?rest_route=\/wp\/v2\/pages\/104\/revisions"}],"predecessor-version":[{"id":120,"href":"http:\/\/melitanogarden.com\/index.php?rest_route=\/wp\/v2\/pages\/104\/revisions\/120"}],"wp:attachment":[{"href":"http:\/\/melitanogarden.com\/index.php?rest_route=%2Fwp%2Fv2%2Fmedia&parent=104"}],"curies":[{"name":"wp","href":"https:\/\/api.w.org\/{rel}","templated":true}]}}